3728806501 a prime number?
False
Is 7969506641 composite?
False
Is 859296941 prime?
False
Is 11645700551 prime?
True
Is 3733521647 prime?
True
Is 91370750953 composite?
False
Is 1396742561 a composite number?
False
Is 1350464587 prime?
False
Is 3381549703 a prime number?
False
Is 180431993 prime?
False
Is 143720207 a composite number?
False
Is 8584644319 composite?
False
Is 9053624309 composite?
False
Is 84082427743 a composite number?
True
Is 3835646697 composite?
True
Is 372857981 a composite number?
False
Is 22735913173 a prime number?
False
Is 3484968469 prime?
False
Is 8335954007 a composite number?
False
Is 13284255401 composite?
False
Is 33368069717 prime?
True
Is 14170916071 a prime number?
False
Is 7423390057 composite?
False
Is 90092459 composite?
False
Is 665929357 a prime number?
False
Is 808296191 a prime number?
False
Is 2898978851 composite?
False
Is 70793432581 a composite number?
True
Is 2275223131 composite?
False
Is 107532511 composite?
True
Is 3799273483 composite?
False
Is 886710359 composite?
False
Is 675922967 composite?
True
Is 1338386989 a prime number?
False
Is 169529629 composite?
True
Is 2789171131 composite?
False
Is 14689193 prime?
False
Is 9318682949 a composite number?
False
Is 64758264503 composite?
True
Is 53258871103 a composite number?
False
Is 9530122039 prime?
True
Is 3252324097 a prime number?
False
Is 1403734469 composite?
True
Is 1837663761 a prime number?
False
Is 9464434249 prime?
True
Is 45060645199 a composite number?
True
Is 709834231 a composite number?
False
Is 8946374363 a composite number?
False
Is 5762595331 a composite number?
False
Is 184991179 a composite number?
True
Is 39506321 a composite number?
False
Is 1542865067 a prime number?
True
Is 500951263 prime?
True
Is 1246663219 composite?
False
Is 792367265 prime?
False
Is 156507789 prime?
False
Is 227277344423 a composite number?
False
Is 788805359 composite?
False
Is 2746233619 a composite number?
True
Is 1429493729 a composite number?
True
Is 59512879 a composite number?
True
Is 31727908691 a composite number?
False
Is 2220173437 a composite number?
True
Is 32954699 a composite number?
True
Is 4021605257 a composite number?
True
Is 205069327 a composite number?
False
Is 3576153457 a composite number?
True
Is 7351557181 a composite number?
False
Is 12151729267 composite?
True
Is 11537916593 a prime number?
False
Is 1966864789 composite?
True
Is 151390700611 composite?
False
Is 567131309 composite?
True
Is 3196797563 prime?
True
Is 1790456777 prime?
True
Is 10184299507 a composite number?
True
Is 115713121 prime?
True
Is 67289378287 composite?
False
Is 13762028557 a composite number?
False
Is 188067629 a prime number?
True
Is 4462534151 composite?
False
Is 7265519189 a composite number?
True
Is 8998206779 a prime number?
False
Is 76223617 prime?
True
Is 363603659 composite?
True
Is 15349016393 a prime number?
True
Is 1453127213 composite?
True
Is 31468799 a prime number?
False
Is 3230744911 a composite number?
False
Is 1602036571 prime?
False
Is 406147033 a prime number?
True
Is 43474788793 a prime number?
False
Is 373773517 a prime number?
False
Is 389359931 composite?
True
Is 38388409561 composite?
True
Is 35143189747 a prime number?
False
Is 4373448133 composite?
False
Is 52233454577 a prime number?
False
Is 25670975879 composite?
False
Is 74059199 composite?
False
Is 1366616393 composite?
True
Is 139147321 composite?
False
Is 1470030377 prime?
False
Is 21632437 composite?
True
Is 2323104353 a prime number?
False
Is 8018713699 a prime number?
True
Is 3081259771 composite?
False
Is 59076348691 a composite number?
False
Is 6048635797 a composite number?
False
Is 333680057 composite?
True
Is 3448216151 a prime number?
False
Is 3331943089 composite?
True
Is 404040067 prime?
True
Is 22354088021 composite?
False
Is 1798449083 composite?
True
Is 14050530937 prime?
True
Is 4414378453 a prime number?
True
Is 1645765067 composite?
False
Is 15571651453 composite?
False
Is 1200712111 composite?
False
Is 1143871643 composite?
False
Is 2876062121 composite?
False
Is 12800488933 prime?
False
Is 123859251211 a composite number?
False
Is 4780465771 prime?
True
Is 59266112327 a composite number?
False
Is 5317059971 a prime number?
False
Is 18273852997 a composite number?
False
Is 11058067138 composite?
True
Is 2796089903 a prime number?
True
Is 78475785229 a prime number?
False
Is 4644137209 prime?
True
Is 69929386039 prime?
False
Is 1129382015 a prime number?
False
Is 4902598991 a prime number?
False
Is 32127620593 composite?
False
Is 1691815973 prime?
False
Is 4532528683 prime?
False
Is 1967847187 a composite number?
False
Is 2171492473 a prime number?
True
Is 3870154849 composite?
True
Is 9709033417 composite?
True
Is 13398957185 composite?
True
Is 15447141893 composite?
False
Is 4143267773 a composite number?
False
Is 3695057789 a composite number?
True
Is 103346648129 prime?
True
Is 10894405943 a composite number?
False
Is 1833619673 a composite number?
True
Is 3185827763 a composite number?
False
Is 3253233497 a prime number?
True
Is 2879452649 composite?
True
Is 9664235789 composite?
True
Is 11066482139 prime?
True
Is 400542637109 a prime number?
False
Is 966015511 a composite number?
True
Is 41076078107 a prime number?
True
Is 11538288833 composite?
True
Is 20075595193 a prime number?
False
Is 7215122287 composite?
True
Is 2396104121 prime?
True
Is 169860541 a composite number?
False
Is 8637184837 prime?
True
Is 8702073389 composite?
False
Is 414019039 a prime number?
False
Is 3211379 composite?
True
Is 4221436421 composite?
True
Is 21154893967 prime?
False
Is 29042413 composite?
False
Is 11632976167 a prime number?
True
Is 55528501879 prime?
True
Is 71745744043 a composite number?
False
Is 5236452797 prime?
True
Is 232477693 a prime number?
False
Is 878386343 prime?
False
Is 6662515987 a prime number?
True
Is 88126861 prime?
False
Is 542473777 a composite number?
False
Is 329946173 a prime number?
True
Is 617316959 composite?
True
Is 299471693 composite?
False
Is 8469856049 a prime number?
False
Is 4167672811 a composite number?
False
Is 42119756807 a prime number?
True
Is 1592778793 a prime number?
False
Is 13238115563 prime?
True
Is 567867701 a composite number?
False
Is 59678943871 composite?
True
Is 7186891339 a prime number?
True
Is 524742353 composite?
False
Is 15398543285 a composite number?
True
Is 31646008019 a composite number?
True
Is 21681544407 composite?
True
Is 13999454587 prime?
False
Is 3243343883 composite?
True
Is 2313849877 prime?
False
Is 11665524407 prime?
True
Is 1089400649 prime?
True
Is 20288640241 composite?
False
Is 587225297 a composite number?
False
Is 20050601449 prime?
False
Is 96292633 a prime number?
True
Is 1377250159 prime?
True
Is 3874223057 a composite number?
False
Is 22819854469 composite?
False
Is 357574327543 a prime number?
True
Is 27424075433 prime?
False
Is 791254799 composite?
False
Is 2367145867 a prime number?
True
Is 6881670689 composite?
False
Is 140462507665 prime?
False
Is 2287815391 a prime number?
False
Is 30032055797 a prime number?
True
Is 28999545409 composite?
False
Is 113292829085 a prime number?
False
Is 18269053447 composite?
False
Is 7258361927 prime?
True
Is 5188005609 composite?
True
Is 41832839 a composite number?
False
Is 254967038867 composite?
True
Is 80788270711 prime?
False
Is 4726837937 prime?
False
Is 2134103129 prime?
True
Is 31006164157 a composite number?
False
Is 144581052569 a prime number?
True
Is 2749665001 prime?
False
Is 32188105427 composite?
False
Is 40306295501 a composite number?
False
Is 325417291 composite?
False
Is 69443897 a composite number?
False
Is 16395452699 a prime number?
False
Is 3635150719 composite?
False
Is 7951645199 a composite number?
False
Is 20460304103 a prime number?
True
Is 32554214683 a prime number?
False
Is 1062120931 composite?
True
Is 170964980671 composite?
True
Is 206231261 a composite number?
False
Is 1643574061 a prime number?
False
Is 537317933 a prime number?
False
Is 14248093891 prime?
True
Is 38877797215 composite?
True
Is 872573 a prime number?
False
Is 85948257907 composite?
True
Is 5591472163 prime?
True
Is 9858337873 a composite number?
True
Is 464683721 composite?
False
Is 44916787999 prime?
True
Is 25233562853 prime?